{"id":2,"date":"2022-09-05T23:48:36","date_gmt":"2022-09-05T21:48:36","guid":{"rendered":"https:\/\/kichererbsen-kita.de\/?page_id=2"},"modified":"2025-10-02T09:18:56","modified_gmt":"2025-10-02T07:18:56","slug":"beispiel-seite","status":"publish","type":"page","link":"https:\/\/kichererbsen-kita.de\/?page_id=2","title":{"rendered":"H\u00e4ufige Fragen"},"content":{"rendered":"\n<p><br><strong>Elterninitiative? Was bedeutet das? <\/strong><\/p>\n\n\n\n<p><br>Der Tr\u00e4ger (gemeinn\u00fctzig anerkannt seit 1983) der Kindertageseinrichtung Kichererbsen ist der Verein: Initiativgruppe Kinder e.V.; dieser ist kostenpflichtiges Mitglied im Parit\u00e4tischen Wohlfahrtverband NRW.<\/p>\n\n\n\n<p><\/p>\n\n\n\n<p>Die Vereinsmitglieder sind Eltern, deren Kinder in der Einrichtung betreut werden. Einmal im Jahr wird aus den Reihen der Vereinsmitglieder ein gesch\u00e4ftsf\u00fchrender Vorstand gew\u00e4hlt. Dieser vertritt die Einrichtung nach au\u00dfen und \u00fcbernimmt die rechtliche Verantwortung.<\/p>\n\n\n\n<p>Die Initiativgruppe Kinder e.V. Kichererbsen zeichnet sich durch ihre famili\u00e4re Atmosph\u00e4re aus. Ein Ort an dem sich Eltern, Kinder und auch Mitarbeitende wohlf\u00fchlen. Der enge, vertrauensvolle Kontakt zwischen allen Beteiligten pr\u00e4gt unser Miteinander und macht unsere Gemeinschaft so besonders.<br><strong>Wie kann ich mein Kind bei den Kichererbsen anmelden?<\/strong><\/p>\n\n\n\n<p><br>Donnerstags bieten wir nach vorheriger telefonischer Absprache regelm\u00e4\u00dfig um 14:30Uhr Besichtigungstermine an.<\/p>\n\n\n\n<p>Hier nehmen wir uns gerne Zeit f\u00fcr Sie, um den Verein, sowie den Kindergarten vorzustellen. <br>Zudem haben wir Zeit f\u00fcr Ihre Fragen.<br>Im Anschluss des Termins erhalten Sie von uns einen Anmeldebogen. Diesen Bogen f\u00fcllen Sie dann in Ruhe zu Hause aus und geben uns diesen zeitnah wieder zur\u00fcck. Sobald wir ihren Anmeldebogen erhalten haben, werden Sie f\u00fcr das Bewerbungsverfahren ber\u00fccksichtigt. <\/p>\n\n\n\n<p><\/p>\n\n\n\n<p><strong>Nehmt ihr auch U3 Kinder auf?<\/strong><\/p>\n\n\n\n<p>Grunds\u00e4tzlich nehmen wir Kinder im Alter von 3-6 Jahren auf. Aufnahmen von U3-KIndern sind nur in Ausnahmef\u00e4llen und mit Genehmigung des Jugendamtes m\u00f6glich.<br><br><strong>Wie sieht es mit der Platzvergabe aus?<\/strong><\/p>\n\n\n\n<p><\/p>\n\n\n\n<p>Da wir eine eingruppige Elterninitiative mit begrenzter Platzanzahl sind, empfehlen wir eine fr\u00fchzeitige Anmeldung.<br><\/p>\n\n\n\n<p><strong>Ich habe noch weitere Fragen &#8230;<\/strong><br>Dann rufen Sie uns gerne unter 0208\/483310 an oder schreiben Sie eine E-Mail unter kita-kichererbsen@t-online.de. <br><br><\/p>\n","protected":false},"excerpt":{"rendered":"<p>Elterninitiative? Was bedeutet das? Der Tr\u00e4ger (gemeinn\u00fctzig anerkannt seit 1983) der Kindertageseinrichtung Kichererbsen ist der Verein: Initiativgruppe Kinder e.V.; dieser ist kostenpflichtiges Mitglied im Parit\u00e4tischen Wohlfahrtverband NRW. Die Vereinsmitglieder sind Eltern, deren Kinder in der Einrichtung betreut werden. Einmal im Jahr wird aus den Reihen der Vereinsmitglieder ein gesch\u00e4ftsf\u00fchrender Vorstand gew\u00e4hlt. Dieser vertritt die Einrichtung [&hellip;]<\/p>\n","protected":false},"author":1,"featured_media":0,"parent":0,"menu_order":0,"comment_status":"closed","ping_status":"open","template":"","meta":{"inline_featured_image":false,"footnotes":""},"class_list":["post-2","page","type-page","status-publish","hentry"],"_links":{"self":[{"href":"https:\/\/kichererbsen-kita.de\/index.php?rest_route=\/wp\/v2\/pages\/2","targetHints":{"allow":["GET"]}}],"collection":[{"href":"https:\/\/kichererbsen-kita.de\/index.php?rest_route=\/wp\/v2\/pages"}],"about":[{"href":"https:\/\/kichererbsen-kita.de\/index.php?rest_route=\/wp\/v2\/types\/page"}],"author":[{"embeddable":true,"href":"https:\/\/kichererbsen-kita.de\/index.php?rest_route=\/wp\/v2\/users\/1"}],"replies":[{"embeddable":true,"href":"https:\/\/kichererbsen-kita.de\/index.php?rest_route=%2Fwp%2Fv2%2Fcomments&post=2"}],"version-history":[{"count":7,"href":"https:\/\/kichererbsen-kita.de\/index.php?rest_route=\/wp\/v2\/pages\/2\/revisions"}],"predecessor-version":[{"id":3278,"href":"https:\/\/kichererbsen-kita.de\/index.php?rest_route=\/wp\/v2\/pages\/2\/revisions\/3278"}],"wp:attachment":[{"href":"https:\/\/kichererbsen-kita.de\/index.php?rest_route=%2Fwp%2Fv2%2Fmedia&parent=2"}],"curies":[{"name":"wp","href":"https:\/\/api.w.org\/{rel}","templated":true}]}}